are the prime factors of 1223?
1223
What are the prime factors of 294?
2, 3, 7
What are the prime factors of 4132?
2, 1033
What are the prime factors of 422?
2, 211
List the prime factors of 248.
2, 31
List the prime factors of 334.
2, 167
What are the prime factors of 502?
2, 251
What are the prime factors of 19805?
5, 17, 233
List the prime factors of 34311.
3, 11437
What are the prime factors of 131021?
11, 43, 277
What are the prime factors of 306?
2, 3, 17
What are the prime factors of 37688?
2, 7, 673
What are the prime factors of 53558?
2, 61, 439
List the prime factors of 791.
7, 113
What are the prime factors of 10303?
10303
List the prime factors of 16869.
3, 5623
List the prime factors of 737.
11, 67
List the prime factors of 28953.
3, 3217
List the prime factors of 34282.
2, 61, 281
List the prime factors of 55072.
2, 1721
List the prime factors of 3222.
2, 3, 179
List the prime factors of 57407.
7, 59, 139
List the prime factors of 2087.
2087
List the prime factors of 5670.
2, 3, 5, 7
What are the prime factors of 3319?
3319
What are the prime factors of 1446?
2, 3, 241
What are the prime factors of 105447?
3, 35149
List the prime factors of 9123.
3, 3041
List the prime factors of 10782.
2, 3, 599
What are the prime factors of 1132?
2, 283
List the prime factors of 643.
643
What are the prime factors of 35043?
3, 11681
What are the prime factors of 594?
2, 3, 11
List the prime factors of 351.
3, 13
What are the prime factors of 32192?
2, 503
List the prime factors of 11254.
2, 17, 331
List the prime factors of 35117.
35117
List the prime factors of 20201.
20201
List the prime factors of 26289.
3, 23, 127
List the prime factors of 1043.
7, 149
What are the prime factors of 1118?
2, 13, 43
What are the prime factors of 2423?
2423
List the prime factors of 22833.
3, 43, 59
List the prime factors of 12779.
13, 983
What are the prime factors of 92981?
7, 37, 359
List the prime factors of 9188.
2, 2297
List the prime factors of 3162.
2, 3, 17, 31
List the prime factors of 26255.
5, 59, 89
List the prime factors of 102.
2, 3, 17
List the prime factors of 102078.
2, 3, 53, 107
What are the prime factors of 51768?
2, 3, 719
List the prime factors of 8157.
3, 2719
List the prime factors of 924.
2, 3, 7, 11
List the prime factors of 11833.
11833
List the prime factors of 114768.
2, 3, 797
List the prime factors of 1108.
2, 277
What are the prime factors of 9535?
5, 1907
What are the prime factors of 1032?
2, 3, 43
List the prime factors of 19121.
19121
List the prime factors of 23.
23
List the prime factors of 68340.
2, 3, 5, 17, 67
List the prime factors of 716.
2, 179
List the prime factors of 4293.
3, 53
List the prime factors of 33813.
3, 13, 17
What are the prime factors of 2149?
7, 307
What are the prime factors of 43674?
2, 3, 29, 251
List the prime factors of 1820.
2, 5, 7, 13
What are the prime factors of 1288?
2, 7, 23
List the prime factors of 1042.
2, 521
List the prime factors of 24809.
24809
What are the prime factors of 1919?
19, 101
What are the prime factors of 130787?
130787
List the prime factors of 3905.
5, 11, 71
List the prime factors of 1340.
2, 5, 67
List the prime factors of 2270.
2, 5, 227
What are the prime factors of 44912?
2, 7, 401
List the prime factors of 23247.
3, 7, 41
List the prime factors of 18742.
2, 9371
List the prime factors of 1226.
2, 613
List the prime factors of 13994.
2, 6997
List the prime factors of 4261.
4261
What are the prime factors of 50653?
37
List the prime factors of 66855.
3, 5, 4457
List the prime factors of 1710.
2, 3, 5, 19
List the prime factors of 786.
2, 3, 131
What are the prime factors of 1258?
2, 17, 37
What are the prime factors of 69729?
3, 11, 2113
What are the prime factors of 71328?
2, 3, 743
What are the prime factors of 8466?
2, 3, 17, 83
What are the prime factors of 531?
3, 59
What are the prime factors of 10636?
2, 2659
What are the prime factors of 10474?
2, 5237
What are the prime factors of 14614?
2, 7307
What are the prime factors of 2879?
2879
List the prime factors of 4061.
31, 131
What are the prime factors of 85914?
2, 3, 37, 43
What are the prime factors of 81?
3
What are the prime factors of 527?
17, 31
What are the prime factors of 66662?
2, 33331
List the prime factors of 575.
5, 23
List the prime factors of 7822.
2, 3911
What are the prime factors of 75066?
2, 3, 12511
List the prime factors of 68697.
3, 17, 449
List the prime factors of 6201.
3, 13, 53
What are the prime factors of 937?
937
List the prime factors of 1350.
2, 3, 5
List the prime factors of 21215.
5, 4243
What are the prime factors of 31747?
53, 599
What are the prime factors of 40543?
40543
What are the prime factors of 2483?
13, 191
What are the prime factors of 4411?
11, 401
List the prime factors of 31314.
2, 3, 17, 307
List the prime factors of 56804.
2, 11, 1291
What are the prime factors of 75244?
2, 13, 1447
List the prime factors of 184788.
2, 3, 29, 59
What are the prime factors of 4196?
2, 1049
List the prime factors of 2406.
2, 3, 401
What are the prime factors of 4278?
2, 3, 23, 31
List the prime factors of 2149.
7, 307
List the prime factors of 1247.
29, 43
List the prime factors of 722.
2, 19
List the prime factors of 1301.
1301
List the prime factors of 1445.
5, 17
List the prime factors of 15997.
17, 941
What are the prime factors of 1618?
2, 809
What are the prime factors of 4354?
2, 7, 311
What are the prime factors of 605?
5, 11
List the prime factors of 8294.
2, 11, 13, 29
List the prime factors of 1405.
5, 281
List the prime factors of 39670.
2, 5, 3967
List the prime factors of 18960.
2, 3, 5, 79
List the prime factors of 23013.
3, 2557
What are the prime factors of 3976?
2, 7, 71
What are the prime factors of 40350?
2, 3, 5, 269
What are the prime factors of 1991?
11, 181
What are the prime factors of 40066?
2, 13, 23, 67
What are the prime factors of 44349?
3, 14783
List the prime factors of 2556.
2, 3, 71
What are the prime factors of 49502?
2, 53, 467
List the prime factors of 6620.
2, 5, 331
What are the prime factors of 32428?
2, 11, 67
List the prime factors of 14606.
2, 67, 109
What are the prime factors of 714?
2, 3, 7, 17
What are the prime factors of 15775?
5, 631
What are the prime factors of 4165?
5, 7, 17
List the prime factors of 1186.
2, 593
What are the prime factors of 515?
5, 103
List the prime factors of 6779.
6779
List the prime factors of 26932.
2, 6733
List the prime factors of 11914.
2, 7, 23, 37
What are the prime factors of 1853?
17, 109
List the prime factors of 2570.
2, 5, 257
What are the prime factors of 195?
3, 5, 13
List the prime factors of 15173.
15173
What are the prime factors of 15905?
5, 3181
List the prime factors of 2896.
2, 181
What are the prime factors of 921?
3, 307
What are the prime factors of 3597?
3, 11, 109
What are the prime factors of 196314?
2, 3, 32719
List the prime factors of 11813.
11813
List the prime factors of 1155.
3, 5, 7, 11
What are the prime factors of 46930?
2, 5, 13, 19
What are the prime factors of 8641?
8641
List the prime factors of 2677.
2677
List the prime factors of 571.
571
What are the prime factors of 199?
199
What are the prime factors of 7658?
2, 7, 547
List the prime factors of 1295.
5, 7, 37
What are the prime factors of 45004?
2, 11251
What are the prime factors of 127342?
2, 63671
List the prime factors of 5843.
5843
What are the prime factors of 588?
2, 3, 7
What are the prime factors of 864?
2, 3
What are the prime factors of 1299?
3, 433
What are the prime factors of 18783?
3, 2087
List the prime factors of 7898.
2, 11, 359
What are the prime factors of 1143?
3, 127
List the prime factors of 7654.
2, 43, 89
What are the prime factors of 48163?
48163
What are the prime factors of 30242?
2, 15121
List the prime factors of 848.
2, 53
What are the prime factors of 1072?
2, 67
What are the prime factors of 10904?
2, 29, 47
List the prime factors of 6491.
6491
List the prime factors of 6895.
5, 7, 197
What are the prime factors of 3212?
2, 11, 73
List the prime factors of 1023.
3, 11, 31
List the prime factors of 631.
631
What are the prime factors of 20061?
3, 743
What are the prime factors of 2788?
2, 17, 41
List the prime factors of 2481.
3, 827
What are the prime factors of 6373?
